mposite?
True
Let u be (-2712)/(-3) - (6 - 25/5). Suppose 4*q = -2*v + 910, -2*v - 5*q = -8*q - u. Is v a composite number?
True
Suppose -47*s = -2269816 - 4742161. Is s composite?
True
Let l(s) be the second derivative of 1/2*s**2 + 0 - 8*s + 445/6*s**3. Is l(1) a prime number?
False
Let k = 624424 - 351590. Is k a prime number?
False
Suppose 0 = -9*d + 5*d + 16. Suppose -2*x - 2*h + 102 = 0, -3*x + d*h + 66 = -59. Suppose 4*p = t - x, 2*t - 3*p = 7*t - 212. Is t prime?
True
Let d = 3098 - 2540. Suppose 0*o + 2*o = 0, 0 = -2*s - 3*o + 442. Let a = d - s. Is a a composite number?
False
Suppose -4*v = -0*v - 34044. Suppose -4*w + 14173 = w + 2*a, v = 3*w + 3*a. Is w prime?
True
Let y(a) = 30*a - 37. Let t be y(7). Let r = t + 122. Is r prime?
False
Let u = -7219 - -15079. Let z = u - 3571. Is z a composite number?
False
Suppose -4*n = 6*g - 2027840, 470280 = 3*n + 3*g - 1050603. Is n prime?
True
Let t(y) = 2*y**3 - 234*y**2 - 3*y + 359. Let k be t(117). Let g(p) = -1 - 4*p + 2*p + 10*p**2 + p - p**3. Is g(k) composite?
True
Let c = -32 - -24. Let u be (-4)/(-16)*-6369 - 2/c. Is u/(-12) + 2/6 prime?
False
Let s be 19302/24 - 9/(-12). Let c = s + -179. Let x = 735 + c. Is x prime?
True
Let t(h) = -4*h + 61. Let a(g) = -2*g + 31. Let j(u) = -11*a(u) + 6*t(u). Let b be j(13). Let n(m) = -84*m**3 + m**2. Is n(b) composite?
True
Let g = 96366 - 53897. Is g composite?
True
Suppose -5*f = -31*f - 494. Let w(m) = -8*m + 35. Is w(f) composite?
True
Let s = 462603 + -303320. Is s a prime number?
False
Let d(b) = -7*b**3 + 9*b**2 - 3*b + 74. Let u(a) = -3*a**3 + 4*a**2 - a + 37. Let m(x) = -4*d(x) + 9*u(x). Is m(15) prime?
True
Let n(u) = -u + 6. Let w = -67 + 71. Let b be n(w). Suppose -b*v + 2112 = 2*j, -v + 0*v + 1 = 0. Is j a composite number?
True
Let z(k) = k**3 + 18*k**2 - 3. Suppose -3*j + 3*x = 168, 0 = -4*x + 1 - 5. Let h = j - -43. Is z(h) composite?
True
Let x be (9006/15)/(3/105 + 0). Suppose 3*w = 3*i + 7*w - 63048, -i - 2*w = -x. Suppose -5*u = -m + 4176, 6*u - i = -5*m + 3*u. Is m prime?
True
Let w = 208078 - -46252. Suppose 89*x = 99*x - w. Is x a prime number?
False
Let o(w) = -1 + 2*w**2 + 6 + 8*w + 4*w**2 - 4*w**3. Let m be o(-5). Is 8/(-44) + m/55 prime?
True
Let b(j) be the first derivative of -831*j**2/2 - 34*j + 115. Is b(-3) composite?
False
Suppose 8*y + 27 = -37. Let p be (-2)/y + (-1794)/8. Let b = 605 + p. Is b composite?
True
Let f(y) = 418*y - 43. Let k = -608 - -617. Is f(k) prime?
True
Suppose 260 + 116 = -4*s. Let t = s - 1237. Let r = -630 - t. Is r a composite number?
False
Let r = 622464 + -130967. Is r a composite number?
False
Suppose x - 2*h + 290 = 5*x, -5*h = 5*x - 350. Suppose 611 = 2*b - 3*m, -b - 5*m + 198 = -x. Let y = b + -179. Is y a composite number?
True
Let v = -64785 + 92283. Suppose -10*i = -4*i - v. Is i a prime number?
True
Let q be 0/((-3)/(-3)) + 90/18. Suppose 3*z + 5*s = -3238 + 30596, -q*z = -4*s - 45535. Is z a prime number?
False
Let l(b) = 1287*b**3 - 10994*b**2 + 10997*b**2 + 0 + 0 - 5*b + 3. Is l(2) a prime number?
True
Let r = 76615 - -128614. Is r composite?
True
Suppose 7*r - 6*r = 5*g - 36, 0 = 4*g + 5*r - 52. Suppose -10*b + 6142 = -g*b. Is b prime?
False
Let a(g) = -g**3 + 5*g**2 + 15*g - 15. Let s be a(5). Let m = 64 - s. Suppose 1 = 5*b - 9, p + m*b = 1569. Is p a prime number?
False
Let z be 3 - (-1)/((-2)/(-4)). Suppose -109*m + 335318 = 28810. Suppose -z*x = -x - m. Is x prime?
False
Let f = 54345 + 5162. Is f/14*(-2 - -4) a prime number?
True
Let k(x) = 87*x**2 - 5*x + 35. Is k(6) composite?
False
Let x be 7 + (-2195)/35 + 4/(-14). Let z = x - -60. Suppose 4*g - 3*f = g + 8439, -z*g + 11262 = f. Is g a prime number?
False
Let h(j) = -j**3 + 4*j**2 - j - 1. Let o be h(4). Let m be o/((3 - 1)/2694). Is (-1)/2 + (0 - m/10) a prime number?
True
Let z(c) be the second derivative of 9*c**4/4 - c**3/3 - c**2/2 - c. Let j be (-765)/315 + (-6)/(-14). Is z(j) a composite number?
True
Let n = -337 - -371. Is (-17)/n*-15986*1 - 0 composite?
False
Let c = -45 + 47. Let v = c + -54. Let q = v - -441. Is q composite?
False
Suppose 8470 = 4*u + 958. Suppose 4*s - 510 = u. Let g = s - -4114. Is g a composite number?
True
Let l(q) = -6*q**3 + 16*q**2 + 27*q + 172. Is l(-19) prime?
True
Let f = -31 - -32. Let q = f - -58. Is q composite?
False
Suppose 5*y - 3*w = 12, 4*y = -2*w + 7 - 15. Suppose -5*u = -y*r + 3*r - 6108, 5*r = -5*u + 10180. Let i = r + -685. Is i a prime number?
False
Let c be (19564/(-8))/(18/(-36)). Let j = c + -3056. Is j a composite number?
True
Let b = 19 - 23. Let l(i) = -17*i**2 - 20*i - 21. Let k(q) = 6*q**2 + 7*q + 7. Let w(c) = b*l(c) - 11*k(c). Is w(-12) composite?
True
Let f(d) = -7116*d**3 - 26*d**2 + 2*d + 7. Is f(-3) a prime number?
True
Suppose -5*q = -5*d - 13 - 7, 3*q - 2 = -2*d. Let l(t) = 1285*t**2 - 19*t - 31. Is l(d) prime?
True
Suppose -67*u + 9232978 = 121*u + 86*u. Is u a composite number?
True
Let f(b) = -16806*b**3 - 3*b - 3. Let y be f(-1). Suppose -5*h = -4*q + y + 18943, -q = -5*h - 8926. Is q composite?
False
Let r = -50058 - -224263. Is r composite?
True
Is (14/(-35))/(7412704/(-494180) + 15) prime?
False
Let v(n) = 6320*n - 107. Is v(23) composite?
False
Suppose 3*t = -2*y + 1443, 0*t - t - y + 482 = 0. Let l = t - -882. Is l a composite number?
False
Suppose 29 = 7*c + 113. Let n = c + 15. Suppose 0 = n*t - j + 3*j - 2275, 0 = 5*t - 3*j - 3760. Is t composite?
True
Let l(w) = -14*w**2 + 14*w**2 - 22 - w**3 + 3*w**2 + 7*w**2. Let k be l(10). Is 4/k + (-113281)/(-77) composite?
False
Let u be (4/14)/((-1250)/140 + 9). Is (1 - (-4 + u)) + 786 composite?
False
Suppose 2*d + 348269 = 3*s, -44*s = -43*s - 2*d - 116091. Is s a prime number?
True
Let s be (-2)/(-11) - (-159)/33. Suppose 3*x = -t + 1110, 3*t + 370 = x + s*t. Suppose -2*z + 4*l = 8*l - x, -z - 5*l = -194. Is z composite?
False
Let v(d) = -254*d - 3. Let w(k) = -254*k - 2. Let u(o) = -3*v(o) + 4*w(o). Is u(-2) composite?
False
Is (-148)/(-592)*(2582517 - (-1 - -2)) prime?
True
Is (-2)/((2/(-3))/((1151029/3)/11)) composite?
False
Suppose -4*f + 5*h + 2959 = -2*f, 5*f + 4*h = 7447. Suppose -3*t + f = -4*i, 2*t + 2*i = -2*i + 1018. Is t a composite number?
True
Suppose 486524 = -9167*f + 9171*f. Is f a prime number?
True
Suppose v + 784 = -6*v. Let s = 108 + v. Is s/(-16) + 763/(-4)*-1 prime?
True
Let s = -121371 + 197578. Is s a prime number?
True
Suppose -b + 5*b = -7024. Let c = 968 + b. Is (40/(5 + -1))/((-8)/c) a prime number?
False
Suppose 0 = -2*y + 5*y. Suppose a - 2 = 3*j + 13, y = a - 5*j - 23. Suppose a*n = 7*n - 424. Is n a composite number?
True
Let a(j) = 6*j**2 - 2*j + 1. Let h be a(1). Let q = 511 + -116. Suppose h*m - 4*m = q. Is m composite?
True
Suppose l + 5 = 0, k - 3*l - 358260 = -4*k. Suppose 36*a - k = -8541. Is a a composite number?
False
Let x be (30/(-25))/((-6)/20). Let o(r) = r**3 - 12*r**2 - 34*r + 90. Let t be o(14). Is 1810/x + t/(-4) composite?
True
Suppose -3*w + 3 = -2*p + 3*p, 12 = 4*p - 2*w. Suppose 14592 = p*b + b. Let v = b - 829. Is v a composite number?
False
Suppose 0 = 7*j + 1 - 92. Suppose 22996 = -9*b + j*b + s, -5749 = -b - s. Is b a prime number?
True
Is -2*76/16*(12 + -6674) a composite number?
True
Suppose -190*r + 4 = -191*r. Is (-2)/r*(-11)/((-66)/10524) a composite number?
False
Suppose y = 6*y + 3*v - 1589420, 0 = 16*y - 2*v - 5086202. Is y composite?
False
Is 2/(-9) + (15 - 655356/(-54)) a prime number?
False
Suppose -172548 = -10*m + 45912. Suppose 2*y + m = 8*y. Is y composite?
True
Let i(w) = -w**3 - 2*w**2 + 3*w + 2. Let x be i(-3). Suppose x*n = -5 + 9. Is 2/(-4)*n*-491 composite?
False
Suppose -5*n - 23 = 3*i - 0*i, 11 = -i - 5*n. Is (-3)/i - (-1205)/10*49 prime?
False
Suppose -k + 7 = 6. Suppose k = 4*r - 3*r, -3*q = r - 835. Let l = q - -75. Is l a prime number?
True
Suppose -2*o - 22*o = -2*o - 26740186. Is o prime?
True
Let i(n) = 572*n**2 + 5*n - 11. Let w be (-2 + 7)*44/110. Is i(w) composite?
False
Suppose -4*t - 2 = 2*s, -s - 7*t + 2 = -6*t. Suppose 32*h - i - 20128 = 29*h, 0 = -s*i - 5. Is h prime?
True
Let c = 14 - 12. Suppose c*t = -93 + 553. Suppose -t = -27*j + 25*j. Is j prime?
False
Suppose -1004150 = -5*v + 3*s, 401634 = 27*v - 25*v + 4*s. Is v prime?
False
Suppose 2*p - 4*t + 3564 = 0, p = -8*t + 3*t - 1768. Let g =